 base 5.
41
-3 (base 15) to base 4
-3
345 (base 10) to base 14
1a9
55 (base 7) to base 6
104
What is -222 (base 4) in base 2?
-101010
Convert -a1 (base 15) to base 5.
-1101
What is -6 (base 14) in base 9?
-6
-14 (base 7) to base 5
-21
-6 (base 11) to base 10
-6
-8 (base 12) to base 2
-1000
-6 (base 14) to base 16
-6
What is -36 (base 15) in base 5?
-201
-221 (base 3) to base 8
-31
What is -1 (base 4) in base 2?
-1
-139 (base 15) to base 11
-234
-11120 (base 3) to base 16
-7b
Convert -3 (base 10) to base 13.
-3
-10210 (base 3) to base 6
-250
-11021 (base 3) to base 4
-1303
-331 (base 5) to base 15
-61
5 (base 13) to base 2
101
Convert 10 (base 15) to base 10.
15
-572 (base 8) to base 5
-3003
-5 (base 6) to base 15
-5
-33 (base 4) to base 15
-10
Convert -26 (base 8) to base 15.
-17
What is -4f (base 16) in base 9?
-87
Convert -432 (base 8) to base 12.
-1b6
310 (base 11) to base 15
19e
5c (base 16) to base 2
1011100
Convert 52 (base 6) to base 9.
35
What is -31 (base 11) in base 6?
-54
What is 1 (base 11) in base 2?
1
3 (base 14) to base 11
3
-69 (base 15) to base 4
-1203
312 (base 5) to base 4
1102
What is -5 (base 14) in base 11?
-5
Convert -2 (base 3) to base 6.
-2
What is 1 (base 5) in base 12?
1
100 (base 12) to base 13
b1
Convert 11 (base 11) to base 12.
10
-4 (base 10) to base 9
-4
-2a (base 14) to base 13
-2c
What is -16 (base 8) in base 4?
-32
What is 4 (base 16) in base 10?
4
11 (base 4) to base 15
5
Convert -3 (base 10) to base 7.
-3
101011 (base 2) to base 12
37
Convert 45 (base 7) to base 3.
1020
8 (base 16) to base 11
8
What is -25 (base 10) in base 8?
-31
-17 (base 11) to base 10
-18
What is 4 (base 14) in base 13?
4
What is 10 (base 10) in base 15?
a
Convert 10 (base 4) to base 2.
100
What is 1 (base 9) in base 11?
1
Convert -522 (base 7) to base 8.
-405
15 (base 6) to base 11
10
Convert 12 (base 7) to base 6.
13
Convert 8 (base 12) to base 8.
10
What is -4 (base 14) in base 5?
-4
Convert 0 (base 10) to base 13.
0
1 (base 16) to base 2
1
Convert -2 (base 6) to base 16.
-2
Convert -5 (base 9) to base 14.
-5
Convert -111 (base 6) to base 3.
-1121
213 (base 5) to base 9
64
Convert 1 (base 2) to base 14.
1
What is 4 (base 7) in base 5?
4
Convert -2 (base 16) to base 9.
-2
20 (base 9) to base 10
18
Convert 3 (base 12) to base 15.
3
-3 (base 8) to base 7
-3
What is -3a (base 11) in base 10?
-43
What is -14 (base 5) in base 10?
-9
10 (base 15) to base 11
14
3 (base 5) to base 9
3
Convert 6 (base 16) to base 14.
6
Convert -a5 (base 12) to base 13.
-98
What is 45 (base 7) in base 6?
53
What is -23 (base 4) in base 9?
-12
Convert -33 (base 4) to base 15.
-10
Convert 101 (base 7) to base 15.
35
-3 (base 4) to base 15
-3
Convert 14 (base 11) to base 15.
10
1 (base 11) to base 6
1
Convert 110110001 (base 2) to base 14.
22d
What is -31 (base 5) in base 14?
-12
What is 1000 (base 3) in base 9?
30
What is -43 (base 12) in base 10?
-51
Convert 202 (base 3) to base 13.
17
6 (base 16) to base 8
6
What is 47 (base 9) in base 13?
34
Convert 101 (base 5) to base 6.
42
Convert 3 (base 5) to base 3.
10
Convert -6 (base 13) to base 3.
-20
What is -5 (base 10) in base 16?
-5
What is 121 (base 6) in base 14?
37
Convert b5 (base 15) to base 6.
442
Convert 1b (base 12) to base 4.
113
What is 10 (base 9) in base 8?
11
What is -107 (base 8) in base 3?
-2122
What is 3 (base 11) in base 3?
10
-5 (base 14) to base 4
-11
1 (base 6) to base 14
1
Convert -1 (base 10) to base 8.
-1
Convert -157 (base 10) to base 14.
-b3
-515 (base 7) to base 13
-16a
What is 84 (base 13) in base 6?
300
What is 2 (base 10) in base 12?
2
What is 14 (base 5) in base 16?
9
What is -15 (base 9) in base 12?
-12
-3 (base 8) to base 3
-10
What is -3 (base 6) in base 16?
-3
What is 2 (base 7) in base 16?
2
Convert 0 (base 15) to base 5.
0
Convert -30 (base 8) to base 15.
-19
What is 9 (base 16) in base 2?
1001
Convert -9 (base 12) to base 10.
-9
Convert -48 (base 15) to base 9.
-75
What is -1 (base 16) in base 14?
-1
Convert 15 (base 9) to base 5.
24
What is -21 (base 14) in base 10?
-29
3 (base 13) to base 12
3
Convert -32 (base 5) to base 15.
-12
136 (base 8) to base 16
5e
What is 23 (base 13) in base 7?
41
What is 16 (base 7) in base 8?
15
-82 (base 9) to base 2
-1001010
-56 (base 16) to base 4
-1112
Convert 1 (base 7) to base 13.
1
What is 24 (base 11) in base 12?
22
What is -110 (base 9) in base 6?
-230
Convert 36 (base 7) to base 2.
11011
Convert -7 (base 11) to base 3.
-21
What is 33 (base 7) in base 16?
18
What is -199 (base 12) in base 8?
-405
What is -1001000 (base 2) in base 11?
-66
What is -3 (base 5) in base 9?
-3
What is -2 (base 14) in base 4?
-2
Convert -231 (base 4) to base 6.
-113
0 (base 2) to base 10
0
What is 41 (base 9) in base 6?
101
-2 (base 11) to base 7
-2
Convert 330 (base 5) to base 12.
76
-200 (base 3) to base 11
-17
What is -101000 (base 2) in base 15?
-2a
Convert -5 (base 15) to base 10.
-5
Convert -101 (base 4) to base 6.
-25
Convert 4 (base 11) to base 15.
4
What is -10 (base 8) in base 14?
-8
Convert -11 (base 4) to base 14.
-5
-35 (base 6) to base 8
-27
9 (base 13) to base 3
100
11 (base 3) to base 12
4
What is -1 (base 14) in base 5?
-1
What is -2303 (base 4) in base 12?
-12b
What is -223 (base 9) in base 11?
-157
What is 0 (base 14) in base 4?
0
What is 2 (base 11) in base 8?
2
What is -142 (base 6) in base 3?
-2022
-36 (base 15) to base 10
-51
Convert -200 (base 9) to base 5.
-1122
-2 (base 13) to base 14
-2
20 (base 10) to base 11
19
164 (base 11) to base 13
119
Convert -255 (base 9) to base 16.
-d4
-65 (base 16) to base 12
-85
What is -211 (base 3) in base 12?
-1a
What is -7 (base 12) in base 3?
-21
-1 (base 7) to base 12
-1
Convert -10 (base 16) to base 10.
-16
-c (base 15) to base 2
-1100
-2021 (base 3) to base 6
-141
What is -12 (base 6) in base 15?
-8
What is -161 (base 14) in base 8?
-431
Convert -44 (base 5) to base 15.
-19
20 (base 6) to base 16
c
Convert -1102 (base 3) to base 13.
-2c
Convert 3 (base 12) to base 14.
3
What is -4a (base 12) in base 11?
-53
What is -6 (base 11) in base 6?
-10
15 (base 14) to base 13
16
1 (base 4) to base 14
1
What is -14 (base 6) in base 13?
-a
What is 0 (base 6) in base 9?
0
What is -215 (base 13) in base 11?
-2a4
Convert -3 (base 15) to base 2.
-11
Convert 2 (base 4) to base 8.
2
1a (base 15) to base 8
31
Convert 103 (base 7) to base 8.
64
What is 2 (base 12) in base 13?
2
a (base 14) to base 2
1010
What is 7 (base 13) in base 11?
7
What is -3 (base 4) in base 8?
-3
Convert -2c (base 15) to base 9.
-46
24 (base 9) to base 13
19
-10001100 (base 2) to base 10
-140
What is 0 (base 7) in base 13?
0
Convert -5 (base 12) to base 16.
-5
Convert 2 (base 6) to base 15.
2
What is -5 (base 15) in base 14?
-5
What is -1 (base 12) in base 11?
-1
What is -9 (base 10) in base 14?
-9
What is -6 (base 10) in base 7?
-6
What is 1 (base 15) in base 3?
1
68 (base 15) to base 9
118
What is c (base 15) in base 10?
12
Convert 20 (base 11) to base 4.
112
What is 13 (base 7) in base 14?
a
What is 2020 (base 3) in base 12?
50
-12 (base 8) to base 11
-a
73 (base 9) to base 11
60
Convert 25 (base 8) to base 4.
111
What is a (base 16) in base 2?
1010
Convert 63 (base 12) to base 8.
113
Convert 3 (base 8) to base 2.
11
10 (base 5) to base 15
5
42 (base 10) to base 13
33
Convert 11111 (base 2) to base 5.
111
Convert -161 (base 10) to base 8.
-241
70 (base 11) to base 3
2212
Convert -5 (base 14) to base 13.
-5
Convert 133 (base 4) to base 5.
111
What is 213 (base 6) in base 14?
5b
-1ab (base 12) to base 7
-542
What is 1 (base 9) in base 5?
1
Convert 32 (base 10) to base 16.
20
Convert 2 (base 16) to base 15.
2
Convert -2 (base 11) to base 13.
-2
What is 5 (base 12) in base 8?
5
What is 1 (base 13) in base 2?
1
a (base 14) to base 8
12
22 (base 8) to base 5
33
Convert 1 (base 13) to base 6.
1
136 (base 14) to base 7
466
What is 126 (base 7) in base 13?
54
What is -1 (base 7) in base 2?
-1
Convert -5 (base 10) to base 3.
-12
-13 (base 7) to base 3
-101
What is 411 (base 5) in base 16?
6a
Convert -2 (base 11) to base 4.
-2
Convert 3 (base 7) to base 6.
3
What is 121 (base 3) in base 9?
17
14 (base 7) to base 2
1011
Convert -432 (base 7) to base 14.
-119
Convert -200 (base 5) to base 2.
-110010
Convert 2 (base 8) to base 3.
2
-22 (base 5) to ba